21
Let p be ((-16)/(-20))/(1/(-5)). Let l(j) = j + 9. Let a be l(p). Suppose -3 = 5*z + 4*s + 2, 3*s = -a*z. Calculate the greatest common divisor of z and 2.
1
Let n(s) = s - 11. Let t be n(18). What is the highest common factor of 448 and t?
7
Let z be (-1006)/(-14) - ((-13)/(-7) - 2). Calculate the highest common divisor of z and 8.
8
Let p be (-21)/(-4)*16/4. Let u = 2803 + -2656. Calculate the greatest common factor of u and p.
21
Let v = -25 + 9. Let f = v + 25. Calculate the highest common factor of f and 6.
3
Let t = 8 + -12. Let i be (13 - -12) + 2*2/t. Suppose -4*l = -2*h + 14 - 72, -h = 5. Calculate the highest common factor of i and l.
12
Suppose 3*u - 1104 = 4*b + 557, u - 547 = -2*b. Calculate the greatest common factor of 232 and u.
29
Let n = -337 - -361. Calculate the highest common divisor of 84 and n.
12
Let t = -470 + 502. Calculate the highest common factor of 256 and t.
32
Suppose 0 = 2*x - h + 2*h - 53, 4*x - 2*h - 86 = 0. Suppose 4*c = 2*v + 778, 5*v + 0*v = -25. Calculate the greatest common divisor of x and c.
24
Let d be 0 + 9 + 2/2. Let k(h) = h**2 - 8*h + 22. Suppose 0 = -3*c + 4*c - 12. Let f be k(c). Calculate the greatest common factor of f and d.
10
Suppose 8*x - 512 - 1128 = 0. Calculate the greatest common divisor of x and 82.
41
Suppose -5*a + 10 = 0, 3*o - a = -3*a + 37. Suppose 0 = -6*s + o*s - 320. What is the greatest common divisor of s and 160?
32
Let v be 1 - 86/(0 - 2). Suppose -t + v = -8. Calculate the greatest common divisor of 13 and t.
13
Suppose h - 13 = 3*t, -3*h = -5*t - 20 - 7. Let g be (-26 - -16)/(h/(-6)). What is the greatest common divisor of 15 and g?
15
Let i(n) = -4*n**2 - 4*n - 5. Let q be i(-5). Let f = -61 - q. What is the greatest common factor of f and 132?
12
Let z(b) = b**2 + 23*b + 15. Let g be z(-23). What is the greatest common divisor of g and 135?
15
Let h be -3 + -4 + 13 - -100. What is the highest common factor of h and 1166?
106
Suppose 0 = -5*p + 15, -m + 20 = 4*p - p. Let u(s) = s**2 - 10*s - 5. Let i be u(m). What is the greatest common factor of 6 and i?
6
Suppose -3*i + 5*i - 3*j = -537, 0 = -4*i + 3*j - 1077. Let c be (i/(-36))/(2/4). What is the greatest common factor of c and 120?
15
Let i be 3 - (-3 + 4 + -4 + 4). Let s be ((-5)/((-50)/4))/(i/20). What is the greatest common factor of s and 40?
4
Suppose 0 = -14*h - 10*h + 40824. Calculate the highest common divisor of h and 21.
21
Let t(d) = 2*d**2 - 8*d + 20. Let k be t(10). Suppose -12*j + k = -10*j. Calculate the highest common divisor of j and 30.
10
Suppose 5*b - 28 = 122. Calculate the highest common divisor of b and 9.
3
Suppose -10*i - 3*i + 78 = 0. What is the greatest common divisor of 12 and i?
6
Suppose 5*p = -0*p + 10, 0 = 2*j - 3*p + 14. Let q = -4 - j. Suppose 4*g - 4*l - 160 = q, 0 = -3*l + 7 + 5. What is the highest common factor of 4 and g?
4
Suppose -47 = 5*i - 17. Let s = 2 + i. Let r = s - -10. What is the highest common factor of 66 and r?
6
Suppose 20 = 4*b + 4*i - 0*i, i + 37 = 5*b. Suppose 0 = 4*w - 37 - 19. Calculate the greatest common factor of b and w.
7
Let t(y) = -2*y - 6. Let h be t(-5). Let z = -2 + 6. Let n be h/8 + 14/z. What is the highest common factor of 1 and n?
1
Let n(p) = p**2 + 2*p - 2. Let q be n(-4). Let g(x) = 2*x + 0*x - q*x - 4 + 0*x. Let d be g(-6). What is the highest common factor of 10 and d?
10
Let z(r) = r**2 + 10*r - 12. Let c be z(-12). Calculate the greatest common divisor of c and 1068.
12
Let g = -5 + 10. Suppose 0 = -2*m - n + 59, 3*m = g*m - n - 49. Let l be (3/9)/1*m. Calculate the greatest common divisor of 27 and l.
9
Let p be (4 + -5)/((-5)/(345 - 0)). What is the greatest common divisor of 138 and p?
69
Suppose 0 = 5*t + 5*g + 135, -5*g = -0*t - t - 21. Let k = t - -29. Suppose 0 = k*c - 206 - 10. What is the highest common divisor of 24 and c?
24
Let k(c) = c**3 - 32*c**2 + 138*c - 66. Let l be k(27). What is the greatest common factor of 141 and l?
3
Let r be 207/46*(-32)/(-6). Calculate the greatest common factor of r and 96.
24
Let o(f) = -5*f + 256. Let h be o(0). Calculate the highest common factor of 32 and h.
32
Let i be (-2000)/75*2*-6. What is the greatest common divisor of i and 128?
64
Suppose 0 = 8*i - 18 - 6. Let z be (5/15)/(i/72). What is the greatest common factor of 32 and z?
8
Let u be 0 - ((-10)/(-25) + 122/(-5)). Suppose 200 = 4*z + u. Calculate the greatest common divisor of 66 and z.
22
Let i be ((-12)/10)/(10/(-725))*1. Calculate the highest common divisor of 638 and i.
29
Let s(i) = -i**2 + 30*i + 134. Let g be s(18). Calculate the highest common divisor of 250 and g.
50
Let g(l) = -l - 1. Let c(b) = -b**2 + 18*b - 37. Let w(v) = -c(v) + 5*g(v). Let j be w(23). Let n = 23 + 57. Calculate the highest common factor of n and j.
16
Suppose 2*g + 6 = v - 3, 0 = -2*v + g + 9. Suppose -696*d + 105 = -691*d. Calculate the highest common factor of v and d.
3
Let h be (-2)/(-17) - 0 - (-3501)/153. Suppose -3*g - 69 = -4*g. What is the greatest common divisor of g and h?
23
Let d = -6 - 7. Let z(u) = u**2 + 21*u + 113. Let x be z(d). Let g be (0 - -24)*-1*-3. What is the highest common divisor of x and g?
9
Let t(c) = c**3 + 4*c**2 - 6*c + 3. Let d be t(-5). Let q = 17 - d. What is the greatest common divisor of q and 81?
9
Let l be 140/(-112)*3/(9/(-12)). Let d(a) = a**2 + a + 3. Let g be d(6). What is the greatest common divisor of g and l?
5
Let r be ((-660)/(-5))/(-4)*-3. Let f(m) = 2*m**2 - 9*m - 7. Let g be f(6). Calculate the greatest common factor of g and r.
11
Suppose 0 = -59*g - 64*g + 7380. Suppose -3*q = -26 - 10. What is the greatest common divisor of q and g?
12
Let g = -182 + 257. Calculate the greatest common factor of 195 and g.
15
Let r = 9 - 12. Let j be 81/(-9)*(-2)/r. Let f be (-66)/(-4) + j/4. Calculate the highest common factor of 30 and f.
15
Let z(b) = -b**2 + 5*b - 1. Let a be z(4). Suppose a*d = -0*d + 12. Suppose 4*g = 30 - 14. Calculate the highest common factor of g and d.
4
Suppose -5*a + 10 = 0, 3*a = 4*g - 0*g - 10. Suppose g*n - 12 = 0, -2*n + 14 = -2*f + 4*f. Suppose 2 = f*i - 6. What is the greatest common factor of 4 and i?
2
Suppose -w = 2*i - 8, -2*i + 0*w + 3*w = -8. Suppose 2*l - i*l = 2, -3*l + 27 = 5*z. What is the greatest common factor of 15 and z?
3
Let c(x) = x**2 + 4*x + 4. Let p be c(-3). Let o = -31 - -33. What is the greatest common divisor of o and p?
1
Suppose x = -14 + 446. Calculate the greatest common divisor of 27 and x.
27
Let z = 302 + -68. Calculate the greatest common divisor of z and 26.
26
Suppose 16 + 29 = 3*b. Let x be (1/5 + 46/20)*2. Suppose -4*q = -o - 657, 327 = x*q - 3*q - o. Calculate the highest common factor of b and q.
15
Let a be (-56 + 0)*(-1)/(4/26). What is the greatest common factor of a and 28?
28
Let j be 1/(-2)*(-4 - 0) + 3. Let h be ((-1)/(-1))/((-8)/(-179 - j)). What is the greatest common factor of h and 23?
23
Let y(v) = 59*v**3 + v**2 + 2*v + 1. Let z be y(-1). Let o = 75 + z. Calculate the greatest common divisor of o and 64.
16
Suppose -2*d = -7*d + 180. Let n(s) = 14*s - 271*s**2 + 4*s + 282*s**2 + s**3 - s. Let v be n(-9). What is the greatest common factor of v and d?
9
Let b(f) = -2*f**2 - 17*f + 33. Let p be b(2). Let i(w) = -7*w**2 - w**3 - 4 - 6 + 11*w + 3. Let o be i(p). Calculate the greatest common divisor of o and 14.
14
Let o = 26 - 21. Suppose h + 56 = 5*h + 4*k, -o*h + 30 = -5*k. Calculate the greatest common divisor of h and 35.
5
Let g(z) = z**2 + 4*z + 444. Let j be g(0). What is the highest common factor of 36 and j?
12
Let z be 74*4/(-4) - (3 - 0). Let k = -55 - z. Calculate the greatest common divisor of 176 and k.
22
Suppose 8*f - 9*f - 60 = 0. Let t be (-825)/f + 2/8. Suppose -5*k = -70 - 140. What is the highest common factor of k and t?
14
Let u(d) = d**2 + 7*d - 2. Let i be u(-5). Let f = i - -152. Calculate the greatest common divisor of 14 and f.
14
Let k = -675 + 680. Suppose 3*y = 184 - 49. Calculate the greatest common factor of k and y.
5
Suppose -3*x - 463 = -5*v + 3, 4*v = x + 370. Let k = -88 + v. Calculate the highest common factor of 16 and k.
4
Suppose 4 - 11 = -c - 5*x, 0 = 3*x. Let k be 0/6 + (0 - 0). Suppose -35 = -q - k*q + 2*v, -v = 0. What is the highest common factor of q and c?
7
Let t = 28 - -